{"id":649,"date":"2017-10-04T04:07:35","date_gmt":"2017-10-04T04:07:35","guid":{"rendered":"http:\/\/auto-anhofer.de\/index.php\/contact\/"},"modified":"2021-01-14T17:16:00","modified_gmt":"2021-01-14T17:16:00","slug":"fahrzeugankauf","status":"publish","type":"page","link":"https:\/\/www.auto-anhofer.de\/index.php\/fahrzeugankauf\/","title":{"rendered":"Fahrzeugankauf"},"content":{"rendered":"\t\t<div data-elementor-type=\"wp-post\" data-elementor-id=\"649\" class=\"elementor elementor-649\">\n\t\t\t\t\t\t<div class=\"elementor-inner\">\n\t\t\t\t<div class=\"elementor-section-wrap\">\n\t\t\t\t\t\t\t\t\t<section class=\"elementor-section elementor-top-section elementor-element elementor-element-b700975 elementor-section-boxed elementor-section-height-default elementor-section-height-default\" data-id=\"b700975\" data-element_type=\"section\" data-settings=\"{&quot;background_background&quot;:&quot;classic&quot;}\">\n\t\t\t\t\t\t\t<div class=\"elementor-background-overlay\"><\/div>\n\t\t\t\t\t\t\t<div class=\"elementor-container elementor-column-gap-no\">\n\t\t\t\t\t\t\t<div class=\"elementor-row\">\n\t\t\t\t\t<div class=\"elementor-column elementor-col-100 elementor-top-column elementor-element elementor-element-89a89c1\" data-id=\"89a89c1\" data-element_type=\"column\" data-settings=\"{&quot;background_background&quot;:&quot;classic&quot;}\">\n\t\t\t<div class=\"elementor-column-wrap elementor-element-populated\">\n\t\t\t\t\t\t\t<div class=\"elementor-widget-wrap\">\n\t\t\t\t\t\t<div class=\"elementor-element elementor-element-58f39cc elementor-widget elementor-widget-heading\" data-id=\"58f39cc\" data-element_type=\"widget\" data-widget_type=\"heading.default\">\n\t\t\t\t<div class=\"elementor-widget-container\">\n\t\t\t<h1 class=\"elementor-heading-title elementor-size-default\">Fahrzeugankauf<\/h1>\t\t<\/div>\n\t\t\t\t<\/div>\n\t\t\t\t<div class=\"elementor-element elementor-element-3b7b25d elementor-widget-divider--view-line elementor-widget elementor-widget-divider\" data-id=\"3b7b25d\" data-element_type=\"widget\" data-widget_type=\"divider.default\">\n\t\t\t\t<div class=\"elementor-widget-container\">\n\t\t\t\t\t<div class=\"elementor-divider\">\n\t\t\t<span class=\"elementor-divider-separator\">\n\t\t\t\t\t\t<\/span>\n\t\t<\/div>\n\t\t\t\t<\/div>\n\t\t\t\t<\/div>\n\t\t\t\t<div class=\"elementor-element elementor-element-b8625db elementor-widget elementor-widget-text-editor\" data-id=\"b8625db\" data-element_type=\"widget\" data-widget_type=\"text-editor.default\">\n\t\t\t\t<div class=\"elementor-widget-container\">\n\t\t\t\t\t\t\t\t<div class=\"elementor-text-editor elementor-clearfix\">\n\t\t\t\t<p>Nutzen Sie unseren Service f\u00fcr den Fahrzeugankauf in Burgau. Hier k\u00f6nnen Sie einfach Ihre Fahrzeugdaten eingeben und an uns senden. Wir pr\u00fcfen Ihr Angebot und setzen uns mit Ihnen in Verbindung.<\/p><p>Ihre Daten werden gem\u00e4\u00df unserer Datenschutzerkl\u00e4rung verarbeitet.<\/p>\t\t\t\t\t<\/div>\n\t\t\t\t\t\t<\/div>\n\t\t\t\t<\/div>\n\t\t\t\t\t\t<\/div>\n\t\t\t\t\t<\/div>\n\t\t<\/div>\n\t\t\t\t\t\t\t\t<\/div>\n\t\t\t\t\t<\/div>\n\t\t<\/section>\n\t\t\t\t<section class=\"elementor-section elementor-top-section elementor-element elementor-element-f1192e8 elementor-section-boxed elementor-section-height-default elementor-section-height-default\" data-id=\"f1192e8\" data-element_type=\"section\">\n\t\t\t\t\t\t<div class=\"elementor-container elementor-column-gap-default\">\n\t\t\t\t\t\t\t<div class=\"elementor-row\">\n\t\t\t\t\t<div class=\"elementor-column elementor-col-100 elementor-top-column elementor-element elementor-element-ccffcaa\" data-id=\"ccffcaa\" data-element_type=\"column\">\n\t\t\t<div class=\"elementor-column-wrap elementor-element-populated\">\n\t\t\t\t\t\t\t<div class=\"elementor-widget-wrap\">\n\t\t\t\t\t\t<div class=\"elementor-element elementor-element-967b2a3 elementor-widget elementor-widget-text-editor\" data-id=\"967b2a3\" data-element_type=\"widget\" data-widget_type=\"text-editor.default\">\n\t\t\t\t<div class=\"elementor-widget-container\">\n\t\t\t\t\t\t\t\t<div class=\"elementor-text-editor elementor-clearfix\">\n\t\t\t\t<div role=\"form\" class=\"wpcf7\" id=\"wpcf7-f1702-o1\" lang=\"de-DE\" dir=\"ltr\">\n<div class=\"screen-reader-response\"><p role=\"status\" aria-live=\"polite\" aria-atomic=\"true\"><\/p> <ul><\/ul><\/div>\n<form action=\"\/index.php\/wp-json\/wp\/v2\/pages\/649#wpcf7-f1702-o1\" method=\"post\" class=\"wpcf7-form init\" enctype=\"multipart\/form-data\" novalidate=\"novalidate\" data-status=\"init\">\n<div style=\"display: none;\">\n<input type=\"hidden\" name=\"_wpcf7\" value=\"1702\" \/>\n<input type=\"hidden\" name=\"_wpcf7_version\" value=\"5.6.4\" \/>\n<input type=\"hidden\" name=\"_wpcf7_locale\" value=\"de_DE\" \/>\n<input type=\"hidden\" name=\"_wpcf7_unit_tag\" value=\"wpcf7-f1702-o1\" \/>\n<input type=\"hidden\" name=\"_wpcf7_container_post\" value=\"0\" \/>\n<input type=\"hidden\" name=\"_wpcf7_posted_data_hash\" value=\"\" \/>\n<\/div>\n<p><label> Name (*)<br \/>\n    <span class=\"wpcf7-form-control-wrap\" data-name=\"your-name\"><input type=\"text\" name=\"your-name\" value=\"\" size=\"40\" maxlength=\"50\" class=\"wpcf7-form-control wpcf7-text wpcf7-validates-as-required\" aria-required=\"true\" aria-invalid=\"false\" \/><\/span> <\/label><\/p>\n<p><label> E-Mail-Adresse (*)<br \/>\n    <span class=\"wpcf7-form-control-wrap\" data-name=\"your-email\"><input type=\"email\" name=\"your-email\" value=\"\" size=\"40\" maxlength=\"50\" class=\"wpcf7-form-control wpcf7-text wpcf7-email wpcf7-validates-as-required wpcf7-validates-as-email\" aria-required=\"true\" aria-invalid=\"false\" \/><\/span> <\/label><\/p>\n<p><label> Telefon (*)<br \/>\n    <span class=\"wpcf7-form-control-wrap\" data-name=\"tel-309\"><input type=\"tel\" name=\"tel-309\" value=\"\" size=\"40\" maxlength=\"50\" class=\"wpcf7-form-control wpcf7-text wpcf7-tel wpcf7-validates-as-required wpcf7-validates-as-tel\" aria-required=\"true\" aria-invalid=\"false\" \/><\/span> <\/label><\/p>\n<p><label> Fahrzeug Marke (*)<br \/>\n    <span class=\"wpcf7-form-control-wrap\" data-name=\"text-557\"><input type=\"text\" name=\"text-557\" value=\"\" size=\"40\" maxlength=\"50\" class=\"wpcf7-form-control wpcf7-text wpcf7-validates-as-required\" aria-required=\"true\" aria-invalid=\"false\" \/><\/span> <\/label><\/p>\n<p><label> Modell (*)<br \/>\n    <span class=\"wpcf7-form-control-wrap\" data-name=\"text-558\"><input type=\"text\" name=\"text-558\" value=\"\" size=\"40\" maxlength=\"50\" class=\"wpcf7-form-control wpcf7-text wpcf7-validates-as-required\" aria-required=\"true\" aria-invalid=\"false\" \/><\/span> <\/label><\/p>\n<p><label> Farbe (*)<br \/>\n    <span class=\"wpcf7-form-control-wrap\" data-name=\"text-561\"><input type=\"text\" name=\"text-561\" value=\"\" size=\"40\" maxlength=\"50\" class=\"wpcf7-form-control wpcf7-text wpcf7-validates-as-required\" aria-required=\"true\" aria-invalid=\"false\" \/><\/span> <\/label><\/p>\n<p><label> Kraftstoff (*)<br \/>\n    <span class=\"wpcf7-form-control-wrap\" data-name=\"menu-231\"><select name=\"menu-231\" class=\"wpcf7-form-control wpcf7-select wpcf7-validates-as-required\" aria-required=\"true\" aria-invalid=\"false\"><option value=\"Benzin\">Benzin<\/option><option value=\"Diesel\">Diesel<\/option><option value=\"Elektroantrieb\">Elektroantrieb<\/option><option value=\"Hybrid\">Hybrid<\/option><option value=\"Erdgas\">Erdgas<\/option><\/select><\/span> <\/label><\/p>\n<p><label> Schaltungsart (*)<br \/>\n    <span class=\"wpcf7-form-control-wrap\" data-name=\"menu-232\"><select name=\"menu-232\" class=\"wpcf7-form-control wpcf7-select\" aria-invalid=\"false\"><option value=\"Handschaltung\">Handschaltung<\/option><option value=\"Automatik\">Automatik<\/option><\/select><\/span> <\/label><\/p>\n<p>Unfallschaden (*)<br \/>\n    <span class=\"wpcf7-form-control-wrap\" data-name=\"radio-21\"><span class=\"wpcf7-form-control wpcf7-radio\"><span class=\"wpcf7-list-item first\"><span class=\"wpcf7-list-item-label\">Ja<\/span><input type=\"radio\" name=\"radio-21\" value=\"Ja\" \/><\/span><span class=\"wpcf7-list-item last\"><span class=\"wpcf7-list-item-label\">Nein<\/span><input type=\"radio\" name=\"radio-21\" value=\"Nein\" checked=\"checked\" \/><\/span><\/span><\/span> <\/p>\n<p><label> Kilometerstand (*)<br \/>\n    <span class=\"wpcf7-form-control-wrap\" data-name=\"text-559\"><input type=\"text\" name=\"text-559\" value=\"\" size=\"40\" maxlength=\"50\" class=\"wpcf7-form-control wpcf7-text wpcf7-validates-as-required\" aria-required=\"true\" aria-invalid=\"false\" \/><\/span> <\/label><\/p>\n<p><label> Erstzulassung (*)<br \/>\n    <span class=\"wpcf7-form-control-wrap\" data-name=\"text-560\"><input type=\"text\" name=\"text-560\" value=\"\" size=\"40\" maxlength=\"50\" class=\"wpcf7-form-control wpcf7-text wpcf7-validates-as-required\" aria-required=\"true\" aria-invalid=\"false\" \/><\/span> <\/label><\/p>\n<p><label> Fahrzeugstandort (*)<br \/>\n    <span class=\"wpcf7-form-control-wrap\" data-name=\"text-562\"><input type=\"text\" name=\"text-562\" value=\"\" size=\"40\" maxlength=\"50\" class=\"wpcf7-form-control wpcf7-text wpcf7-validates-as-required\" aria-required=\"true\" aria-invalid=\"false\" \/><\/span> <\/label><\/p>\n<p><label> Preisvorstellung (*)<br \/>\n    <span class=\"wpcf7-form-control-wrap\" data-name=\"text-563\"><input type=\"text\" name=\"text-563\" value=\"\" size=\"40\" maxlength=\"50\" class=\"wpcf7-form-control wpcf7-text wpcf7-validates-as-required\" aria-required=\"true\" aria-invalid=\"false\" \/><\/span> <\/label><\/p>\n<p><label> Fahrzeugbild 1<br \/>\n<span class=\"wpcf7-form-control-wrap\" data-name=\"file-762\"><input type=\"file\" name=\"file-762\" size=\"40\" class=\"wpcf7-form-control wpcf7-file\" accept=\"audio\/*,video\/*,image\/*\" aria-invalid=\"false\" \/><\/span> <\/label><\/p>\n<p><label> Fahrzeugbild 2<br \/>\n<span class=\"wpcf7-form-control-wrap\" data-name=\"file-763\"><input type=\"file\" name=\"file-763\" size=\"40\" class=\"wpcf7-form-control wpcf7-file\" accept=\"audio\/*,video\/*,image\/*\" aria-invalid=\"false\" \/><\/span> <\/label><\/p>\n<p><label> Fahrzeugbild 3<br \/>\n<span class=\"wpcf7-form-control-wrap\" data-name=\"file-764\"><input type=\"file\" name=\"file-764\" size=\"40\" class=\"wpcf7-form-control wpcf7-file\" accept=\"audio\/*,video\/*,image\/*\" aria-invalid=\"false\" \/><\/span> <\/label><\/p>\n<p><label> Fahrzeugbild 4<br \/>\n<span class=\"wpcf7-form-control-wrap\" data-name=\"file-765\"><input type=\"file\" name=\"file-765\" size=\"40\" class=\"wpcf7-form-control wpcf7-file\" accept=\"audio\/*,video\/*,image\/*\" aria-invalid=\"false\" \/><\/span> <\/label><\/p>\n<p><label> Fahrzeugbild 5<br \/>\n<span class=\"wpcf7-form-control-wrap\" data-name=\"file-766\"><input type=\"file\" name=\"file-766\" size=\"40\" class=\"wpcf7-form-control wpcf7-file\" accept=\"audio\/*,video\/*,image\/*\" aria-invalid=\"false\" \/><\/span> <\/label><\/p>\n<p><label> Beschreibung des Zustands<br \/>\n    <span class=\"wpcf7-form-control-wrap\" data-name=\"your-message\"><textarea name=\"your-message\" cols=\"40\" rows=\"10\" class=\"wpcf7-form-control wpcf7-textarea\" aria-invalid=\"false\"><\/textarea><\/span> <\/label><\/p>\n<p><span class=\"wpcf7-form-control-wrap\" data-name=\"acceptance-99\"><span class=\"wpcf7-form-control wpcf7-acceptance\"><span class=\"wpcf7-list-item\"><label><input type=\"checkbox\" name=\"acceptance-99\" value=\"1\" aria-invalid=\"false\" \/><span class=\"wpcf7-list-item-label\">Hiermit akzeptiere ich die Datenschutzerkl\u00e4rung.<\/span><\/label><\/span><\/span><\/span><\/p>\n<p><input type=\"submit\" value=\"Senden\" class=\"wpcf7-form-control has-spinner wpcf7-submit\" \/><\/p>\n<div class=\"wpcf7-response-output\" aria-hidden=\"true\"><\/div><\/form><\/div>\t\t\t\t\t<\/div>\n\t\t\t\t\t\t<\/div>\n\t\t\t\t<\/div>\n\t\t\t\t\t\t<\/div>\n\t\t\t\t\t<\/div>\n\t\t<\/div>\n\t\t\t\t\t\t\t\t<\/div>\n\t\t\t\t\t<\/div>\n\t\t<\/section>\n\t\t\t\t\t\t\t\t\t<\/div>\n\t\t\t<\/div>\n\t\t\t\t\t<\/div>\n\t\t","protected":false},"excerpt":{"rendered":"<p>Fahrzeugankauf Nutzen Sie unseren Service f\u00fcr den Fahrzeugankauf in Burgau. Hier k\u00f6nnen Sie einfach Ihre Fahrzeugdaten eingeben und an uns senden. Wir pr\u00fcfen Ihr Angebot und setzen uns mit Ihnen in Verbindung. Ihre Daten werden gem\u00e4\u00df unserer Datenschutzerkl\u00e4rung verarbeitet.<\/p>\n","protected":false},"author":3,"featured_media":0,"parent":0,"menu_order":0,"comment_status":"closed","ping_status":"closed","template":"","meta":{"inline_featured_image":false,"site-sidebar-layout":"no-sidebar","site-content-layout":"page-builder","ast-global-header-display":"","ast-main-header-display":"","ast-hfb-above-header-display":"","ast-hfb-below-header-display":"","ast-hfb-mobile-header-display":"","site-post-title":"disabled","ast-breadcrumbs-content":"","ast-featured-img":"disabled","footer-sml-layout":"","theme-transparent-header-meta":"enabled","adv-header-id-meta":"","stick-header-meta":"","header-above-stick-meta":"","header-main-stick-meta":"","header-below-stick-meta":"","footnotes":""},"class_list":["post-649","page","type-page","status-publish","hentry"],"yoast_head":"<!-- This site is optimized with the Yoast SEO plugin v19.8 - https:\/\/yoast.com\/wordpress\/plugins\/seo\/ -->\n<title>Fahrzeugankauf | Automobile Bayr in Burgau | Gebrauchtwagenankauf<\/title>\n<meta name=\"description\" content=\"Fahrzeugankauf - Fahrzeugankauf - Autoankauf - Kauf von Gebrauchtwagen - Ankauf-Formular - PKW Ankauf - Ulm | Burgau | G\u00fcnzburg | Augsburg\" \/>\n<meta name=\"robots\" content=\"index, follow, max-snippet:-1, max-image-preview:large, max-video-preview:-1\" \/>\n<link rel=\"canonical\" href=\"https:\/\/www.auto-anhofer.de\/index.php\/fahrzeugankauf\/\" \/>\n<meta property=\"og:locale\" content=\"de_DE\" \/>\n<meta property=\"og:type\" content=\"article\" \/>\n<meta property=\"og:title\" content=\"Fahrzeugankauf | Automobile Bayr in Burgau | Gebrauchtwagenankauf\" \/>\n<meta property=\"og:description\" content=\"Fahrzeugankauf - Fahrzeugankauf - Autoankauf - Kauf von Gebrauchtwagen - Ankauf-Formular - PKW Ankauf - Ulm | Burgau | G\u00fcnzburg | Augsburg\" \/>\n<meta property=\"og:url\" content=\"https:\/\/www.auto-anhofer.de\/index.php\/fahrzeugankauf\/\" \/>\n<meta property=\"og:site_name\" content=\"Auto Anhofer - Ihr Partner f\u00fcr KFZ-Dienstleistungen und Fahrzeuge in Burgau\" \/>\n<meta property=\"article:modified_time\" content=\"2021-01-14T17:16:00+00:00\" \/>\n<meta name=\"twitter:card\" content=\"summary_large_image\" \/>\n<meta name=\"twitter:label1\" content=\"Gesch\u00e4tzte Lesezeit\" \/>\n\t<meta name=\"twitter:data1\" content=\"1\u00a0Minute\" \/>\n<script type=\"application\/ld+json\" class=\"yoast-schema-graph\">{\"@context\":\"https:\/\/schema.org\",\"@graph\":[{\"@type\":\"WebPage\",\"@id\":\"https:\/\/www.auto-anhofer.de\/index.php\/fahrzeugankauf\/\",\"url\":\"https:\/\/www.auto-anhofer.de\/index.php\/fahrzeugankauf\/\",\"name\":\"Fahrzeugankauf | Automobile Bayr in Burgau | Gebrauchtwagenankauf\",\"isPartOf\":{\"@id\":\"https:\/\/www.auto-anhofer.de\/#website\"},\"datePublished\":\"2017-10-04T04:07:35+00:00\",\"dateModified\":\"2021-01-14T17:16:00+00:00\",\"description\":\"Fahrzeugankauf - Fahrzeugankauf - Autoankauf - Kauf von Gebrauchtwagen - Ankauf-Formular - PKW Ankauf - Ulm | Burgau | G\u00fcnzburg | Augsburg\",\"breadcrumb\":{\"@id\":\"https:\/\/www.auto-anhofer.de\/index.php\/fahrzeugankauf\/#breadcrumb\"},\"inLanguage\":\"de\",\"potentialAction\":[{\"@type\":\"ReadAction\",\"target\":[\"https:\/\/www.auto-anhofer.de\/index.php\/fahrzeugankauf\/\"]}]},{\"@type\":\"BreadcrumbList\",\"@id\":\"https:\/\/www.auto-anhofer.de\/index.php\/fahrzeugankauf\/#breadcrumb\",\"itemListElement\":[{\"@type\":\"ListItem\",\"position\":1,\"name\":\"Startseite\",\"item\":\"https:\/\/www.auto-anhofer.de\/\"},{\"@type\":\"ListItem\",\"position\":2,\"name\":\"Fahrzeugankauf\"}]},{\"@type\":\"WebSite\",\"@id\":\"https:\/\/www.auto-anhofer.de\/#website\",\"url\":\"https:\/\/www.auto-anhofer.de\/\",\"name\":\"Auto Anhofer - Ihr Partner f\u00fcr KFZ-Dienstleistungen und Fahrzeuge in Burgau\",\"description\":\"\",\"publisher\":{\"@id\":\"https:\/\/www.auto-anhofer.de\/#organization\"},\"potentialAction\":[{\"@type\":\"SearchAction\",\"target\":{\"@type\":\"EntryPoint\",\"urlTemplate\":\"https:\/\/www.auto-anhofer.de\/?s={search_term_string}\"},\"query-input\":\"required name=search_term_string\"}],\"inLanguage\":\"de\"},{\"@type\":\"Organization\",\"@id\":\"https:\/\/www.auto-anhofer.de\/#organization\",\"name\":\"Auto Anhofer - Ihr Partner f\u00fcr KFZ-Dienstleistungen und Fahrzeuge in Burgau\",\"url\":\"https:\/\/www.auto-anhofer.de\/\",\"sameAs\":[],\"logo\":{\"@type\":\"ImageObject\",\"inLanguage\":\"de\",\"@id\":\"https:\/\/www.auto-anhofer.de\/#\/schema\/logo\/image\/\",\"url\":\"https:\/\/www.auto-anhofer.de\/wp-content\/uploads\/2021\/01\/Logo_Anhofer_2.0.svg\",\"contentUrl\":\"https:\/\/www.auto-anhofer.de\/wp-content\/uploads\/2021\/01\/Logo_Anhofer_2.0.svg\",\"width\":100,\"height\":100,\"caption\":\"Auto Anhofer - Ihr Partner f\u00fcr KFZ-Dienstleistungen und Fahrzeuge in Burgau\"},\"image\":{\"@id\":\"https:\/\/www.auto-anhofer.de\/#\/schema\/logo\/image\/\"}}]}<\/script>\n<!-- \/ Yoast SEO plugin. -->","yoast_head_json":{"title":"Fahrzeugankauf | Automobile Bayr in Burgau | Gebrauchtwagenankauf","description":"Fahrzeugankauf - Fahrzeugankauf - Autoankauf - Kauf von Gebrauchtwagen - Ankauf-Formular - PKW Ankauf - Ulm | Burgau | G\u00fcnzburg | Augsburg","robots":{"index":"index","follow":"follow","max-snippet":"max-snippet:-1","max-image-preview":"max-image-preview:large","max-video-preview":"max-video-preview:-1"},"canonical":"https:\/\/www.auto-anhofer.de\/index.php\/fahrzeugankauf\/","og_locale":"de_DE","og_type":"article","og_title":"Fahrzeugankauf | Automobile Bayr in Burgau | Gebrauchtwagenankauf","og_description":"Fahrzeugankauf - Fahrzeugankauf - Autoankauf - Kauf von Gebrauchtwagen - Ankauf-Formular - PKW Ankauf - Ulm | Burgau | G\u00fcnzburg | Augsburg","og_url":"https:\/\/www.auto-anhofer.de\/index.php\/fahrzeugankauf\/","og_site_name":"Auto Anhofer - Ihr Partner f\u00fcr KFZ-Dienstleistungen und Fahrzeuge in Burgau","article_modified_time":"2021-01-14T17:16:00+00:00","twitter_card":"summary_large_image","twitter_misc":{"Gesch\u00e4tzte Lesezeit":"1\u00a0Minute"},"schema":{"@context":"https:\/\/schema.org","@graph":[{"@type":"WebPage","@id":"https:\/\/www.auto-anhofer.de\/index.php\/fahrzeugankauf\/","url":"https:\/\/www.auto-anhofer.de\/index.php\/fahrzeugankauf\/","name":"Fahrzeugankauf | Automobile Bayr in Burgau | Gebrauchtwagenankauf","isPartOf":{"@id":"https:\/\/www.auto-anhofer.de\/#website"},"datePublished":"2017-10-04T04:07:35+00:00","dateModified":"2021-01-14T17:16:00+00:00","description":"Fahrzeugankauf - Fahrzeugankauf - Autoankauf - Kauf von Gebrauchtwagen - Ankauf-Formular - PKW Ankauf - Ulm | Burgau | G\u00fcnzburg | Augsburg","breadcrumb":{"@id":"https:\/\/www.auto-anhofer.de\/index.php\/fahrzeugankauf\/#breadcrumb"},"inLanguage":"de","potentialAction":[{"@type":"ReadAction","target":["https:\/\/www.auto-anhofer.de\/index.php\/fahrzeugankauf\/"]}]},{"@type":"BreadcrumbList","@id":"https:\/\/www.auto-anhofer.de\/index.php\/fahrzeugankauf\/#breadcrumb","itemListElement":[{"@type":"ListItem","position":1,"name":"Startseite","item":"https:\/\/www.auto-anhofer.de\/"},{"@type":"ListItem","position":2,"name":"Fahrzeugankauf"}]},{"@type":"WebSite","@id":"https:\/\/www.auto-anhofer.de\/#website","url":"https:\/\/www.auto-anhofer.de\/","name":"Auto Anhofer - Ihr Partner f\u00fcr KFZ-Dienstleistungen und Fahrzeuge in Burgau","description":"","publisher":{"@id":"https:\/\/www.auto-anhofer.de\/#organization"},"potentialAction":[{"@type":"SearchAction","target":{"@type":"EntryPoint","urlTemplate":"https:\/\/www.auto-anhofer.de\/?s={search_term_string}"},"query-input":"required name=search_term_string"}],"inLanguage":"de"},{"@type":"Organization","@id":"https:\/\/www.auto-anhofer.de\/#organization","name":"Auto Anhofer - Ihr Partner f\u00fcr KFZ-Dienstleistungen und Fahrzeuge in Burgau","url":"https:\/\/www.auto-anhofer.de\/","sameAs":[],"logo":{"@type":"ImageObject","inLanguage":"de","@id":"https:\/\/www.auto-anhofer.de\/#\/schema\/logo\/image\/","url":"https:\/\/www.auto-anhofer.de\/wp-content\/uploads\/2021\/01\/Logo_Anhofer_2.0.svg","contentUrl":"https:\/\/www.auto-anhofer.de\/wp-content\/uploads\/2021\/01\/Logo_Anhofer_2.0.svg","width":100,"height":100,"caption":"Auto Anhofer - Ihr Partner f\u00fcr KFZ-Dienstleistungen und Fahrzeuge in Burgau"},"image":{"@id":"https:\/\/www.auto-anhofer.de\/#\/schema\/logo\/image\/"}}]}},"_links":{"self":[{"href":"https:\/\/www.auto-anhofer.de\/index.php\/wp-json\/wp\/v2\/pages\/649","targetHints":{"allow":["GET"]}}],"collection":[{"href":"https:\/\/www.auto-anhofer.de\/index.php\/wp-json\/wp\/v2\/pages"}],"about":[{"href":"https:\/\/www.auto-anhofer.de\/index.php\/wp-json\/wp\/v2\/types\/page"}],"author":[{"embeddable":true,"href":"https:\/\/www.auto-anhofer.de\/index.php\/wp-json\/wp\/v2\/users\/3"}],"replies":[{"embeddable":true,"href":"https:\/\/www.auto-anhofer.de\/index.php\/wp-json\/wp\/v2\/comments?post=649"}],"version-history":[{"count":48,"href":"https:\/\/www.auto-anhofer.de\/index.php\/wp-json\/wp\/v2\/pages\/649\/revisions"}],"predecessor-version":[{"id":2113,"href":"https:\/\/www.auto-anhofer.de\/index.php\/wp-json\/wp\/v2\/pages\/649\/revisions\/2113"}],"wp:attachment":[{"href":"https:\/\/www.auto-anhofer.de\/index.php\/wp-json\/wp\/v2\/media?parent=649"}],"curies":[{"name":"wp","href":"https:\/\/api.w.org\/{rel}","templated":true}]}}