{"id":1773,"date":"2021-01-12T07:43:53","date_gmt":"2021-01-12T07:43:53","guid":{"rendered":"https:\/\/www.auto-anhofer.de\/?page_id=1773"},"modified":"2021-01-21T10:52:32","modified_gmt":"2021-01-21T10:52:32","slug":"datenschutz","status":"publish","type":"page","link":"https:\/\/www.auto-anhofer.de\/index.php\/datenschutz\/","title":{"rendered":"Datenschutz"},"content":{"rendered":"\t\t<div data-elementor-type=\"wp-page\" data-elementor-id=\"1773\" class=\"elementor elementor-1773\">\n\t\t\t\t\t\t<div class=\"elementor-inner\">\n\t\t\t\t<div class=\"elementor-section-wrap\">\n\t\t\t\t\t\t\t\t\t<section class=\"elementor-section elementor-top-section elementor-element elementor-element-89ed8d elementor-section-boxed elementor-section-height-default elementor-section-height-default\" data-id=\"89ed8d\" data-element_type=\"section\" data-settings=\"{&quot;background_background&quot;:&quot;classic&quot;}\">\n\t\t\t\t\t\t\t<div class=\"elementor-background-overlay\"><\/div>\n\t\t\t\t\t\t\t<div class=\"elementor-container elementor-column-gap-default\">\n\t\t\t\t\t\t\t<div class=\"elementor-row\">\n\t\t\t\t\t<div class=\"elementor-column elementor-col-100 elementor-top-column elementor-element elementor-element-1b92d5cd\" data-id=\"1b92d5cd\" data-element_type=\"column\">\n\t\t\t<div class=\"elementor-column-wrap elementor-element-populated\">\n\t\t\t\t\t\t\t<div class=\"elementor-widget-wrap\">\n\t\t\t\t\t\t<div class=\"elementor-element elementor-element-6e85a5b1 elementor-widget elementor-widget-heading\" data-id=\"6e85a5b1\" data-element_type=\"widget\" data-widget_type=\"heading.default\">\n\t\t\t\t<div class=\"elementor-widget-container\">\n\t\t\t<h2 class=\"elementor-heading-title elementor-size-default\">Datenschutz<\/h2>\t\t<\/div>\n\t\t\t\t<\/div>\n\t\t\t\t<div class=\"elementor-element elementor-element-66148b01 elementor-widget-divider--view-line elementor-widget elementor-widget-divider\" data-id=\"66148b01\" data-element_type=\"widget\" data-widget_type=\"divider.default\">\n\t\t\t\t<div class=\"elementor-widget-container\">\n\t\t\t\t\t<div class=\"elementor-divider\">\n\t\t\t<span class=\"elementor-divider-separator\">\n\t\t\t\t\t\t<\/span>\n\t\t<\/div>\n\t\t\t\t<\/div>\n\t\t\t\t<\/div>\n\t\t\t\t<div class=\"elementor-element elementor-element-32cffd09 elementor-widget elementor-widget-text-editor\" data-id=\"32cffd09\" data-element_type=\"widget\" data-widget_type=\"text-editor.default\">\n\t\t\t\t<div class=\"elementor-widget-container\">\n\t\t\t\t\t\t\t\t<div class=\"elementor-text-editor elementor-clearfix\">\n\t\t\t\t<p><b>Grundsatz<\/b><\/p><p>Wir nehmen den Schutz Ihrer pers\u00f6nlichen Daten sehr ernst und behandeln Ihre personenbezogenen Daten vertraulich und entsprechend der gesetzlichen Datenschutzvorschriften sowie dieser Datenschutzerkl\u00e4rung.<\/p><p><b>Nutzungsbedingungen\u00a0<\/b><\/p><p>Der Zugang zu und die Nutzung dieser Webseite unterliegen den nachstehenden Bedingungen. Sollten Sie hiermit nicht einverstanden sein, nutzen Sie diese Seite bitte nicht.<\/p><p>Auto Anhofer beh\u00e4lt sich vor, die Nutzungsbedingungen jederzeit zu \u00e4ndern. Sollten Sie die Webseite erneut aufsuchen, so pr\u00fcfen Sie bitte, ob sich die Nutzungsbedingungen ge\u00e4ndert haben.<\/p><p><strong>Datenerhebung<\/strong><\/p><p>Ihr Besuch auf unseren Webseiten wird protokolliert. Erfasst werden im Wesentlichen die aktuell von Ihrem PC verwendete IP-Adresse, Datum und Uhrzeit, der Browsertyp und das Betriebssystem Ihres PC sowie die von Ihnen betrachteten Seiten. Ein Personenbezug ist uns im Regelfall nicht m\u00f6glich und auch nicht beabsichtigt.<\/p><p><strong>Datenverwendung und -weitergabe<\/strong><\/p><p>Die personenbezogenen Daten, die Sie uns z.B. per E-Mail mitteilen (z.B. Ihr Name und Ihre Adresse oder Ihre E-Mail-Adresse), werden nur zur Korrespondenz mit Ihnen und nur f\u00fcr den Zweck verarbeitet, zu dem Sie uns die Daten zur Verf\u00fcgung gestellt haben.<\/p><p>Wir versichern, dass wir Ihre personenbezogenen Daten nicht an Dritte weitergeben, es sei denn, dass wir dazu gesetzlich verpflichtet w\u00e4ren oder Sie uns vorher Ihre Zustimmung gegeben haben. Soweit wir zur Durchf\u00fchrung und Abwicklung von Verarbeitungsprozessen Dienstleister in Anspruch nehmen, werden die Vertragsverh\u00e4ltnisse nach den Bestimmungen des Bundesdatenschutzgesetzes geregelt.<\/p><p><strong>Einwilligung und Widerruf<\/strong><\/p><p>Wenn Sie uns personenbezogene Daten \u00fcberlassen haben, k\u00f6nnen Sie diese jederzeit wieder l\u00f6schen. Daten f\u00fcr Abrechnungs- und buchhalterische Zwecke sind von einer K\u00fcndigung\/einem Widerruf bzw. von einer L\u00f6schung nicht ber\u00fchrt.<\/p><p><strong>Speicherdauer<\/strong><\/p><p>Personenbezogene Daten, die uns \u00fcber unsere Website mitgeteilt worden sind, werden nur so lange gespeichert, bis der Zweck erf\u00fcllt ist, zu dem sie uns anvertraut wurden. Soweit handels- und steuerrechtliche Aufbewahrungsfristen zu beachten sind, kann die Speicherdauer zu bestimmten Daten bis zu 10 Jahre betragen.<\/p><p><strong>Verwendung von Cookies<\/strong><\/p><p>Eine Nutzung unseres Angebotes erfolgt mit dem Einsatz eines Cookies. Voraussetzung hierf\u00fcr ist, dass Sie die Cookies in Ihren Browsereinstellungen aktiviert haben.\u00a0 In den Cookies wird ein zuf\u00e4lliger Session-Code, sowie weitere Informationen gesichert um Ihnen als Kunde eine bestm\u00f6gliche Benutzerfreundlichkeit zu gew\u00e4hrleisten.<\/p><p><b>Kontaktformular<\/b><\/p><p>Wenn Sie uns per Kontaktformular Anfragen zukommen lassen, werden Ihre Angaben aus dem Anfrageformular inklusive der von Ihnen dort angegebenen Kontaktdaten zwecks Bearbeitung der Anfrage bei uns gespeichert. Diese Daten geben wir nicht ohne Ihre Einwilligung weiter.<\/p><p><strong>Verlinkung auf Websites Dritter<br \/><\/strong><\/p><p>Sie k\u00f6nnen \u00fcber unsere Seite auf Websites Dritter gelangen. Auf deren Inhalt, Darstellung oder die Verarbeitung Ihrer Daten haben wir keinen Einfluss. Bitte pr\u00fcfen Sie den Link in der Browserzeile, damit Sie wissen auf welcher Website Sie sich befinden.<\/p><p><strong>Google Webfonts<\/strong><\/p><p>Diese Seite verwendet zur Darstellung der Schrift sogenannte Webfonts. Diese werden von Google bereitgestellt (http:\/\/www.google.com\/webfonts\/). Dazu l\u00e4dt beim Aufrufen der Seite ihr Browser die ben\u00f6tigte Schriftart in ihren Browsercache. Dies ist notwendig damit auch ihr Browser eine optisch verbesserte Darstellung unserer Texte anzeigen kann. Wenn ihr Browser diese Funktion nicht unterst\u00fctzt, wird eine Standardschrift von ihrem Computer zur Anzeige genutzt.<\/p><p>Weitergehende Informationen zu Google Webfonts finden sie unter\u00a0<a href=\"https:\/\/developers.google.com\/fonts\/faq?hl=de-DE&amp;csw=1\" target=\"_blank\" rel=\"noopener\">https:\/\/developers.google.com\/fonts\/faq?hl=de-DE&amp;csw=1<\/a>.<\/p><p>Allgemeine Informationen zum Thema Datenschutz bei Google finden sie unter\u00a0<a href=\"http:\/\/www.google.com\/intl\/de-DE\/policies\/privacy\/\" target=\"_blank\" rel=\"noopener\">http:\/\/www.google.com\/intl\/de-DE\/policies\/privacy\/<\/a>.<\/p><p><strong>Google Maps<\/strong><\/p><p>Diese Seite verwendet eine eingebettete Kartendarstellung von GoogleMaps mit Verlinkung um eine Routenberechnung durchf\u00fchren zu k\u00f6nnen. Bitte beachten Sie, dass ein Cookie gesichert wird.<\/p><p>Allgemeine Informationen zum Thema Datenschutz bei Google finden sie unter\u00a0<a href=\"http:\/\/www.google.com\/intl\/de-DE\/policies\/privacy\/\" target=\"_blank\" rel=\"noopener\">http:\/\/www.google.com\/intl\/de-DE\/policies\/privacy\/<\/a>.<\/p><p><b>SSL-Verschl\u00fcsselung<\/b><\/p><p>Diese Seite nutzt aus Sicherheitsgr\u00fcnden und zum Schutz der \u00dcbertragung vertraulicher Inhalte wie zum Beispiel Anfragen, die Sie an uns als Seitenbetreiber senden, eine SSL-bzw. TLS-Verschl\u00fcsselung. Eine verschl\u00fcsselte Verbindung erkennen Sie daran, dass die Adresszeile des Browsers von \u201chttp:\/\/\u201d auf \u201chttps:\/\/\u201d wechselt und an dem Schloss-Symbol in Ihrer Browserzeile.<\/p><p><strong>Weitere Informationen<br \/><\/strong><\/p><p>Sollten Sie mit der Speicherung Ihrer personenbezogenen Daten nicht mehr einverstanden oder diese unrichtig geworden sein, werden wir auf eine entsprechende Weisung hin die L\u00f6schung oder Sperrung Ihrer Daten veranlassen oder die notwendigen Korrekturen vornehmen (soweit dies nach dem geltendem Recht m\u00f6glich ist).<\/p><p>Bei Fragen zur Erhebung, Verarbeitung oder Nutzung Ihrer personenbezogenen Daten, bei Ausk\u00fcnften, Berichtigung, Sperrung oder L\u00f6schung von Daten wenden Sie sich bitte an uns.<strong> <br \/><\/strong><\/p><p>\u00a0<\/p>\t\t\t\t\t<\/div>\n\t\t\t\t\t\t<\/div>\n\t\t\t\t<\/div>\n\t\t\t\t<div class=\"elementor-element elementor-element-58495c63 elementor-widget elementor-widget-text-editor\" data-id=\"58495c63\" data-element_type=\"widget\" data-widget_type=\"text-editor.default\">\n\t\t\t\t<div class=\"elementor-widget-container\">\n\t\t\t\t\t\t\t\t<div class=\"elementor-text-editor elementor-clearfix\">\n\t\t\t\t<div><span style=\"font-size: 16px;\"><b>Auto Anhofer<\/b><\/span><\/div>\n<div><a href=\"https:\/\/www.google.com\/maps\/place\/Auto+Anhofer\/@48.43679,10.4146213,1041m\/data=!3m1!1e3!4m12!1m6!3m5!1s0x47994dda155a3b99:0xe0a616446803925d!2sAuto+Anhofer!8m2!3d48.43679!4d10.41681!3m4!1s0x47994dda155a3b99:0xe0a616446803925d!8m2!3d48.43679!4d10.41681\">Peter-Henlein-Stra\u00dfe 2<\/a><\/div>\n<div><a href=\"https:\/\/www.google.com\/maps\/place\/Auto+Anhofer\/@48.43679,10.4146213,1041m\/data=!3m1!1e3!4m12!1m6!3m5!1s0x47994dda155a3b99:0xe0a616446803925d!2sAuto+Anhofer!8m2!3d48.43679!4d10.41681!3m4!1s0x47994dda155a3b99:0xe0a616446803925d!8m2!3d48.43679!4d10.41681\">89331 Burgau<\/a><\/div>\n<div>Inhaber Erich Anhofer<\/div>\n<div>\n\nUstID: DE128409914\n\n<\/div>\n<div><b>Tel:<\/b> <a href=\"tel:004982227507\">+49 (0) 8222 \/ 7507<\/a><\/div>\n<div><b>Mobil:<\/b> <a href=\"tel:00491717790355\">+49 (0) 171 \/ 7790355<\/a><\/div>\n<div><strong>Email: <\/strong><a href=\"mailto:info@auto-anhofer.de\"><span style=\"color: #003b9f; font-size: 16px; font-style: normal; font-weight: 400; white-space: pre-wrap;\">info@auto-anhofer.de<\/span><\/a><\/div>\n<div><b>Fax: <\/b>+49 (0) 8222 \/ 42074<\/div>\t\t\t\t\t<\/div>\n\t\t\t\t\t\t<\/div>\n\t\t\t\t<\/div>\n\t\t\t\t\t\t<\/div>\n\t\t\t\t\t<\/div>\n\t\t<\/div>\n\t\t\t\t\t\t\t\t<\/div>\n\t\t\t\t\t<\/div>\n\t\t<\/section>\n\t\t\t\t\t\t\t\t\t<\/div>\n\t\t\t<\/div>\n\t\t\t\t\t<\/div>\n\t\t","protected":false},"excerpt":{"rendered":"<p>Datenschutz Grundsatz Wir nehmen den Schutz Ihrer pers\u00f6nlichen Daten sehr ernst und behandeln Ihre personenbezogenen Daten vertraulich und entsprechend der gesetzlichen Datenschutzvorschriften sowie dieser Datenschutzerkl\u00e4rung. Nutzungsbedingungen\u00a0 Der Zugang zu und die Nutzung dieser Webseite unterliegen den nachstehenden Bedingungen. Sollten Sie hiermit nicht einverstanden sein, nutzen Sie diese Seite bitte nicht. Auto Anhofer beh\u00e4lt sich vor, &hellip;<\/p>\n<p class=\"read-more\"> <a class=\"\" href=\"https:\/\/www.auto-anhofer.de\/index.php\/datenschutz\/\"> <span class=\"screen-reader-text\">Datenschutz<\/span> Weiterlesen &raquo;<\/a><\/p>\n","protected":false},"author":2,"featured_media":0,"parent":0,"menu_order":0,"comment_status":"closed","ping_status":"closed","template":"","meta":{"inline_featured_image":false,"site-sidebar-layout":"no-sidebar","site-content-layout":"page-builder","ast-global-header-display":"","ast-main-header-display":"","ast-hfb-above-header-display":"","ast-hfb-below-header-display":"","ast-hfb-mobile-header-display":"","site-post-title":"disabled","ast-breadcrumbs-content":"","ast-featured-img":"disabled","footer-sml-layout":"","theme-transparent-header-meta":"default","adv-header-id-meta":"","stick-header-meta":"","header-above-stick-meta":"","header-main-stick-meta":"","header-below-stick-meta":"","footnotes":""},"class_list":["post-1773","page","type-page","status-publish","hentry"],"yoast_head":"<!-- This site is optimized with the Yoast SEO plugin v19.8 - https:\/\/yoast.com\/wordpress\/plugins\/seo\/ -->\n<title>Datenschutz - Auto Anhofer - Ihr Partner f\u00fcr KFZ-Dienstleistungen und Fahrzeuge in Burgau<\/title>\n<meta name=\"description\" content=\"Hier erhalten Sie einen \u00dcberblick unserer Datenschutzerkl\u00e4rung. Wir behandeln Ihre Daten vertraulich!\" \/>\n<meta name=\"robots\" content=\"noindex, nofollow\" \/>\n<meta property=\"og:locale\" content=\"de_DE\" \/>\n<meta property=\"og:type\" content=\"article\" \/>\n<meta property=\"og:title\" content=\"Datenschutz - Auto Anhofer - Ihr Partner f\u00fcr KFZ-Dienstleistungen und Fahrzeuge in Burgau\" \/>\n<meta property=\"og:description\" content=\"Hier erhalten Sie einen \u00dcberblick unserer Datenschutzerkl\u00e4rung. Wir behandeln Ihre Daten vertraulich!\" \/>\n<meta property=\"og:url\" content=\"https:\/\/www.auto-anhofer.de\/index.php\/datenschutz\/\" \/>\n<meta property=\"og:site_name\" content=\"Auto Anhofer - Ihr Partner f\u00fcr KFZ-Dienstleistungen und Fahrzeuge in Burgau\" \/>\n<meta property=\"article:modified_time\" content=\"2021-01-21T10:52:32+00:00\" \/>\n<meta name=\"twitter:card\" content=\"summary_large_image\" \/>\n<meta name=\"twitter:label1\" content=\"Gesch\u00e4tzte Lesezeit\" \/>\n\t<meta name=\"twitter:data1\" content=\"4\u00a0Minuten\" \/>\n<script type=\"application\/ld+json\" class=\"yoast-schema-graph\">{\"@context\":\"https:\/\/schema.org\",\"@graph\":[{\"@type\":\"WebPage\",\"@id\":\"https:\/\/www.auto-anhofer.de\/index.php\/datenschutz\/\",\"url\":\"https:\/\/www.auto-anhofer.de\/index.php\/datenschutz\/\",\"name\":\"Datenschutz - Auto Anhofer - Ihr Partner f\u00fcr KFZ-Dienstleistungen und Fahrzeuge in Burgau\",\"isPartOf\":{\"@id\":\"https:\/\/www.auto-anhofer.de\/#website\"},\"datePublished\":\"2021-01-12T07:43:53+00:00\",\"dateModified\":\"2021-01-21T10:52:32+00:00\",\"description\":\"Hier erhalten Sie einen \u00dcberblick unserer Datenschutzerkl\u00e4rung. Wir behandeln Ihre Daten vertraulich!\",\"breadcrumb\":{\"@id\":\"https:\/\/www.auto-anhofer.de\/index.php\/datenschutz\/#breadcrumb\"},\"inLanguage\":\"de\",\"potentialAction\":[{\"@type\":\"ReadAction\",\"target\":[\"https:\/\/www.auto-anhofer.de\/index.php\/datenschutz\/\"]}]},{\"@type\":\"BreadcrumbList\",\"@id\":\"https:\/\/www.auto-anhofer.de\/index.php\/datenschutz\/#breadcrumb\",\"itemListElement\":[{\"@type\":\"ListItem\",\"position\":1,\"name\":\"Startseite\",\"item\":\"https:\/\/www.auto-anhofer.de\/\"},{\"@type\":\"ListItem\",\"position\":2,\"name\":\"Datenschutz\"}]},{\"@type\":\"WebSite\",\"@id\":\"https:\/\/www.auto-anhofer.de\/#website\",\"url\":\"https:\/\/www.auto-anhofer.de\/\",\"name\":\"Auto Anhofer - Ihr Partner f\u00fcr KFZ-Dienstleistungen und Fahrzeuge in Burgau\",\"description\":\"\",\"publisher\":{\"@id\":\"https:\/\/www.auto-anhofer.de\/#organization\"},\"potentialAction\":[{\"@type\":\"SearchAction\",\"target\":{\"@type\":\"EntryPoint\",\"urlTemplate\":\"https:\/\/www.auto-anhofer.de\/?s={search_term_string}\"},\"query-input\":\"required name=search_term_string\"}],\"inLanguage\":\"de\"},{\"@type\":\"Organization\",\"@id\":\"https:\/\/www.auto-anhofer.de\/#organization\",\"name\":\"Auto Anhofer - Ihr Partner f\u00fcr KFZ-Dienstleistungen und Fahrzeuge in Burgau\",\"url\":\"https:\/\/www.auto-anhofer.de\/\",\"sameAs\":[],\"logo\":{\"@type\":\"ImageObject\",\"inLanguage\":\"de\",\"@id\":\"https:\/\/www.auto-anhofer.de\/#\/schema\/logo\/image\/\",\"url\":\"https:\/\/www.auto-anhofer.de\/wp-content\/uploads\/2021\/01\/Logo_Anhofer_2.0.svg\",\"contentUrl\":\"https:\/\/www.auto-anhofer.de\/wp-content\/uploads\/2021\/01\/Logo_Anhofer_2.0.svg\",\"width\":100,\"height\":100,\"caption\":\"Auto Anhofer - Ihr Partner f\u00fcr KFZ-Dienstleistungen und Fahrzeuge in Burgau\"},\"image\":{\"@id\":\"https:\/\/www.auto-anhofer.de\/#\/schema\/logo\/image\/\"}}]}<\/script>\n<!-- \/ Yoast SEO plugin. -->","yoast_head_json":{"title":"Datenschutz - Auto Anhofer - Ihr Partner f\u00fcr KFZ-Dienstleistungen und Fahrzeuge in Burgau","description":"Hier erhalten Sie einen \u00dcberblick unserer Datenschutzerkl\u00e4rung. Wir behandeln Ihre Daten vertraulich!","robots":{"index":"noindex","follow":"nofollow"},"og_locale":"de_DE","og_type":"article","og_title":"Datenschutz - Auto Anhofer - Ihr Partner f\u00fcr KFZ-Dienstleistungen und Fahrzeuge in Burgau","og_description":"Hier erhalten Sie einen \u00dcberblick unserer Datenschutzerkl\u00e4rung. Wir behandeln Ihre Daten vertraulich!","og_url":"https:\/\/www.auto-anhofer.de\/index.php\/datenschutz\/","og_site_name":"Auto Anhofer - Ihr Partner f\u00fcr KFZ-Dienstleistungen und Fahrzeuge in Burgau","article_modified_time":"2021-01-21T10:52:32+00:00","twitter_card":"summary_large_image","twitter_misc":{"Gesch\u00e4tzte Lesezeit":"4\u00a0Minuten"},"schema":{"@context":"https:\/\/schema.org","@graph":[{"@type":"WebPage","@id":"https:\/\/www.auto-anhofer.de\/index.php\/datenschutz\/","url":"https:\/\/www.auto-anhofer.de\/index.php\/datenschutz\/","name":"Datenschutz - Auto Anhofer - Ihr Partner f\u00fcr KFZ-Dienstleistungen und Fahrzeuge in Burgau","isPartOf":{"@id":"https:\/\/www.auto-anhofer.de\/#website"},"datePublished":"2021-01-12T07:43:53+00:00","dateModified":"2021-01-21T10:52:32+00:00","description":"Hier erhalten Sie einen \u00dcberblick unserer Datenschutzerkl\u00e4rung. Wir behandeln Ihre Daten vertraulich!","breadcrumb":{"@id":"https:\/\/www.auto-anhofer.de\/index.php\/datenschutz\/#breadcrumb"},"inLanguage":"de","potentialAction":[{"@type":"ReadAction","target":["https:\/\/www.auto-anhofer.de\/index.php\/datenschutz\/"]}]},{"@type":"BreadcrumbList","@id":"https:\/\/www.auto-anhofer.de\/index.php\/datenschutz\/#breadcrumb","itemListElement":[{"@type":"ListItem","position":1,"name":"Startseite","item":"https:\/\/www.auto-anhofer.de\/"},{"@type":"ListItem","position":2,"name":"Datenschutz"}]},{"@type":"WebSite","@id":"https:\/\/www.auto-anhofer.de\/#website","url":"https:\/\/www.auto-anhofer.de\/","name":"Auto Anhofer - Ihr Partner f\u00fcr KFZ-Dienstleistungen und Fahrzeuge in Burgau","description":"","publisher":{"@id":"https:\/\/www.auto-anhofer.de\/#organization"},"potentialAction":[{"@type":"SearchAction","target":{"@type":"EntryPoint","urlTemplate":"https:\/\/www.auto-anhofer.de\/?s={search_term_string}"},"query-input":"required name=search_term_string"}],"inLanguage":"de"},{"@type":"Organization","@id":"https:\/\/www.auto-anhofer.de\/#organization","name":"Auto Anhofer - Ihr Partner f\u00fcr KFZ-Dienstleistungen und Fahrzeuge in Burgau","url":"https:\/\/www.auto-anhofer.de\/","sameAs":[],"logo":{"@type":"ImageObject","inLanguage":"de","@id":"https:\/\/www.auto-anhofer.de\/#\/schema\/logo\/image\/","url":"https:\/\/www.auto-anhofer.de\/wp-content\/uploads\/2021\/01\/Logo_Anhofer_2.0.svg","contentUrl":"https:\/\/www.auto-anhofer.de\/wp-content\/uploads\/2021\/01\/Logo_Anhofer_2.0.svg","width":100,"height":100,"caption":"Auto Anhofer - Ihr Partner f\u00fcr KFZ-Dienstleistungen und Fahrzeuge in Burgau"},"image":{"@id":"https:\/\/www.auto-anhofer.de\/#\/schema\/logo\/image\/"}}]}},"_links":{"self":[{"href":"https:\/\/www.auto-anhofer.de\/index.php\/wp-json\/wp\/v2\/pages\/1773","targetHints":{"allow":["GET"]}}],"collection":[{"href":"https:\/\/www.auto-anhofer.de\/index.php\/wp-json\/wp\/v2\/pages"}],"about":[{"href":"https:\/\/www.auto-anhofer.de\/index.php\/wp-json\/wp\/v2\/types\/page"}],"author":[{"embeddable":true,"href":"https:\/\/www.auto-anhofer.de\/index.php\/wp-json\/wp\/v2\/users\/2"}],"replies":[{"embeddable":true,"href":"https:\/\/www.auto-anhofer.de\/index.php\/wp-json\/wp\/v2\/comments?post=1773"}],"version-history":[{"count":40,"href":"https:\/\/www.auto-anhofer.de\/index.php\/wp-json\/wp\/v2\/pages\/1773\/revisions"}],"predecessor-version":[{"id":2142,"href":"https:\/\/www.auto-anhofer.de\/index.php\/wp-json\/wp\/v2\/pages\/1773\/revisions\/2142"}],"wp:attachment":[{"href":"https:\/\/www.auto-anhofer.de\/index.php\/wp-json\/wp\/v2\/media?parent=1773"}],"curies":[{"name":"wp","href":"https:\/\/api.w.org\/{rel}","templated":true}]}}