{"id":1760,"date":"2021-01-13T06:30:32","date_gmt":"2021-01-13T06:30:32","guid":{"rendered":"https:\/\/www.auto-anhofer.de\/?page_id=1760"},"modified":"2021-01-21T10:53:21","modified_gmt":"2021-01-21T10:53:21","slug":"impressum","status":"publish","type":"page","link":"https:\/\/www.auto-anhofer.de\/index.php\/impressum\/","title":{"rendered":"Impressum"},"content":{"rendered":"\t\t<div data-elementor-type=\"wp-page\" data-elementor-id=\"1760\" class=\"elementor elementor-1760\">\n\t\t\t\t\t\t<div class=\"elementor-inner\">\n\t\t\t\t<div class=\"elementor-section-wrap\">\n\t\t\t\t\t\t\t\t\t<section class=\"elementor-section elementor-top-section elementor-element elementor-element-323362b elementor-section-boxed elementor-section-height-default elementor-section-height-default\" data-id=\"323362b\" data-element_type=\"section\">\n\t\t\t\t\t\t\t<div class=\"elementor-background-overlay\"><\/div>\n\t\t\t\t\t\t\t<div class=\"elementor-container elementor-column-gap-default\">\n\t\t\t\t\t\t\t<div class=\"elementor-row\">\n\t\t\t\t\t<div class=\"elementor-column elementor-col-100 elementor-top-column elementor-element elementor-element-7353506\" data-id=\"7353506\" data-element_type=\"column\">\n\t\t\t<div class=\"elementor-column-wrap elementor-element-populated\">\n\t\t\t\t\t\t\t<div class=\"elementor-widget-wrap\">\n\t\t\t\t\t\t<div class=\"elementor-element elementor-element-ced42f1 elementor-widget elementor-widget-heading\" data-id=\"ced42f1\" data-element_type=\"widget\" data-widget_type=\"heading.default\">\n\t\t\t\t<div class=\"elementor-widget-container\">\n\t\t\t<h2 class=\"elementor-heading-title elementor-size-default\">Impressum<\/h2>\t\t<\/div>\n\t\t\t\t<\/div>\n\t\t\t\t<div class=\"elementor-element elementor-element-3cce1b0 elementor-widget-divider--view-line elementor-widget elementor-widget-divider\" data-id=\"3cce1b0\" data-element_type=\"widget\" data-widget_type=\"divider.default\">\n\t\t\t\t<div class=\"elementor-widget-container\">\n\t\t\t\t\t<div class=\"elementor-divider\">\n\t\t\t<span class=\"elementor-divider-separator\">\n\t\t\t\t\t\t<\/span>\n\t\t<\/div>\n\t\t\t\t<\/div>\n\t\t\t\t<\/div>\n\t\t\t\t<div class=\"elementor-element elementor-element-9960c26 elementor-widget elementor-widget-text-editor\" data-id=\"9960c26\" data-element_type=\"widget\" data-widget_type=\"text-editor.default\">\n\t\t\t\t<div class=\"elementor-widget-container\">\n\t\t\t\t\t\t\t\t<div class=\"elementor-text-editor elementor-clearfix\">\n\t\t\t\t<div><span style=\"font-size: 16px;\"><b>Auto Anhofer<\/b><\/span><\/div>\n<div><a href=\"https:\/\/www.google.com\/maps\/place\/Auto+Anhofer\/@48.43679,10.4146213,1041m\/data=!3m1!1e3!4m12!1m6!3m5!1s0x47994dda155a3b99:0xe0a616446803925d!2sAuto+Anhofer!8m2!3d48.43679!4d10.41681!3m4!1s0x47994dda155a3b99:0xe0a616446803925d!8m2!3d48.43679!4d10.41681\">Peter-Henlein-Stra\u00dfe 2<\/a><\/div>\n<div><a href=\"https:\/\/www.google.com\/maps\/place\/Auto+Anhofer\/@48.43679,10.4146213,1041m\/data=!3m1!1e3!4m12!1m6!3m5!1s0x47994dda155a3b99:0xe0a616446803925d!2sAuto+Anhofer!8m2!3d48.43679!4d10.41681!3m4!1s0x47994dda155a3b99:0xe0a616446803925d!8m2!3d48.43679!4d10.41681\">89331 Burgau<\/a><\/div>\n<div>Inhaber Erich Anhofer<\/div>\n<div>\n\nUstID: DE128409914\n\n<\/div>\n<div><b>Tel:<\/b> <a href=\"tel:004982227507\">+49 (0) 8222 \/ 7507<\/a><\/div>\n<div><b>Mobil:<\/b> <a href=\"tel:00491717790355\">+49 (0) 171 \/ 7790355<\/a><\/div>\n<div><strong>Email: <\/strong><a href=\"mailto:info@auto-anhofer.de\"><span style=\"color: #003b9f; font-size: 16px; font-style: normal; font-weight: 400; white-space: pre-wrap;\">info@auto-anhofer.de<\/span><\/a><\/div>\n<div><b>Fax: <\/b>+49 (0) 8222 \/ 42074<\/div>\t\t\t\t\t<\/div>\n\t\t\t\t\t\t<\/div>\n\t\t\t\t<\/div>\n\t\t\t\t<div class=\"elementor-element elementor-element-1c746ac elementor-widget elementor-widget-heading\" data-id=\"1c746ac\" data-element_type=\"widget\" data-widget_type=\"heading.default\">\n\t\t\t\t<div class=\"elementor-widget-container\">\n\t\t\t<h2 class=\"elementor-heading-title elementor-size-default\">haftungsausschluss<\/h2>\t\t<\/div>\n\t\t\t\t<\/div>\n\t\t\t\t<div class=\"elementor-element elementor-element-f88fb34 elementor-widget-divider--view-line elementor-widget elementor-widget-divider\" data-id=\"f88fb34\" data-element_type=\"widget\" data-widget_type=\"divider.default\">\n\t\t\t\t<div class=\"elementor-widget-container\">\n\t\t\t\t\t<div class=\"elementor-divider\">\n\t\t\t<span class=\"elementor-divider-separator\">\n\t\t\t\t\t\t<\/span>\n\t\t<\/div>\n\t\t\t\t<\/div>\n\t\t\t\t<\/div>\n\t\t\t\t<div class=\"elementor-element elementor-element-fa51603 elementor-widget elementor-widget-text-editor\" data-id=\"fa51603\" data-element_type=\"widget\" data-widget_type=\"text-editor.default\">\n\t\t\t\t<div class=\"elementor-widget-container\">\n\t\t\t\t\t\t\t\t<div class=\"elementor-text-editor elementor-clearfix\">\n\t\t\t\t<p>Die Informationen auf dieser Webseite werden vom Betreiber st\u00e4ndig gepr\u00fcft und aktualisiert. Trotz aller Sorgfalt k\u00f6nnen sich aber Angaben zwischenzeitlich ver\u00e4ndert haben. Eine Haftung oder Garantie f\u00fcr die Aktualit\u00e4t, Richtigkeit und Vollst\u00e4ndigkeit der zur Verf\u00fcgung gestellten Informationen kann daher nicht \u00fcbernommen werden. Inhalt und Struktur dieser Websites sind urheberrechtlich gesch\u00fctzt. Die Vervielf\u00e4ltigung von Informationen oder Daten, insbesondere die Verwendung von Texten, Textteilen oder Bildmaterial bedarf der vorherigen Zustimmung.<\/p><p>Alle Rechte vorbehalten. Text, Bilder, Grafiken, Sound, Animationen und Videos sowie deren Anordnung auf dieser Website unterliegen dem Schutz des Urheberrechts und anderer Schutzgesetze. Der Inhalt dieser Website darf nicht zu kommerziellen Zwecken kopiert, verbreitet, ver\u00e4ndert oder Dritten zuganglich gemacht werden. Einige Seiten enthalten au\u00dferdem Bilder, die dem Copyright Dritter unterliegen. Insbesondere d\u00fcrfen Nachdruck, Aufnahme in Onlinedienste und Internet und Vervielf\u00e4ltigung auf Datentr\u00e4ger wie CD-ROM, DVD-ROM etc. nur nach vorheriger schriftlicher Zustimmung erfolgen.<\/p><p><strong>Quellenangaben f\u00fcr die verwendeten Bilder und Grafiken<\/strong><\/p><p>Alle Bilder und Grafiken dieses Internetangebotes sind urheberrechtlich gesch\u00fctzt.<\/p><p><strong>Genereller Haftungshinweis<\/strong><\/p><p>Trotz sorgf\u00e4ltiger, inhaltlicher Kontrolle \u00fcbernimmt der Betreiber keine Haftung f\u00fcr die Inhalte externer Links. F\u00fcr den Inhalt der verlinkten Seiten sind ausschlie\u00dflich deren Betreiber verantwortlich. Der Betreiber ist nicht verantwortlich f\u00fcr die Datenschutzregelungen, Durchsetzungen und Inhalte dieser Websites<\/p>\t\t\t\t\t<\/div>\n\t\t\t\t\t\t<\/div>\n\t\t\t\t<\/div>\n\t\t\t\t\t\t<\/div>\n\t\t\t\t\t<\/div>\n\t\t<\/div>\n\t\t\t\t\t\t\t\t<\/div>\n\t\t\t\t\t<\/div>\n\t\t<\/section>\n\t\t\t\t\t\t\t\t\t<\/div>\n\t\t\t<\/div>\n\t\t\t\t\t<\/div>\n\t\t","protected":false},"excerpt":{"rendered":"<p>Impressum Auto Anhofer Peter-Henlein-Stra\u00dfe 2 89331 Burgau Inhaber Erich Anhofer UstID: DE128409914 Tel: +49 (0) 8222 \/ 7507 Mobil: +49 (0) 171 \/ 7790355 Email: info@auto-anhofer.de Fax: +49 (0) 8222 \/ 42074 haftungsausschluss Die Informationen auf dieser Webseite werden vom Betreiber st\u00e4ndig gepr\u00fcft und aktualisiert. Trotz aller Sorgfalt k\u00f6nnen sich aber Angaben zwischenzeitlich ver\u00e4ndert haben. &hellip;<\/p>\n<p class=\"read-more\"> <a class=\"\" href=\"https:\/\/www.auto-anhofer.de\/index.php\/impressum\/\"> <span class=\"screen-reader-text\">Impressum<\/span> Weiterlesen &raquo;<\/a><\/p>\n","protected":false},"author":2,"featured_media":0,"parent":0,"menu_order":0,"comment_status":"closed","ping_status":"closed","template":"","meta":{"inline_featured_image":false,"site-sidebar-layout":"no-sidebar","site-content-layout":"page-builder","ast-global-header-display":"","ast-main-header-display":"","ast-hfb-above-header-display":"","ast-hfb-below-header-display":"","ast-hfb-mobile-header-display":"","site-post-title":"disabled","ast-breadcrumbs-content":"","ast-featured-img":"disabled","footer-sml-layout":"","theme-transparent-header-meta":"default","adv-header-id-meta":"","stick-header-meta":"","header-above-stick-meta":"","header-main-stick-meta":"","header-below-stick-meta":"","footnotes":""},"class_list":["post-1760","page","type-page","status-publish","hentry"],"yoast_head":"<!-- This site is optimized with the Yoast SEO plugin v19.8 - https:\/\/yoast.com\/wordpress\/plugins\/seo\/ -->\n<title>Impressum - Auto Anhofer - Ihr Partner f\u00fcr KFZ-Dienstleistungen und Fahrzeuge in Burgau<\/title>\n<meta name=\"description\" content=\"Auto Anhofer - Peter-Henlein-Stra\u00dfe 2 - 89331 Burgau\" \/>\n<meta name=\"robots\" content=\"noindex, nofollow\" \/>\n<meta property=\"og:locale\" content=\"de_DE\" \/>\n<meta property=\"og:type\" content=\"article\" \/>\n<meta property=\"og:title\" content=\"Impressum - Auto Anhofer - Ihr Partner f\u00fcr KFZ-Dienstleistungen und Fahrzeuge in Burgau\" \/>\n<meta property=\"og:description\" content=\"Auto Anhofer - Peter-Henlein-Stra\u00dfe 2 - 89331 Burgau\" \/>\n<meta property=\"og:url\" content=\"https:\/\/www.auto-anhofer.de\/index.php\/impressum\/\" \/>\n<meta property=\"og:site_name\" content=\"Auto Anhofer - Ihr Partner f\u00fcr KFZ-Dienstleistungen und Fahrzeuge in Burgau\" \/>\n<meta property=\"article:modified_time\" content=\"2021-01-21T10:53:21+00:00\" \/>\n<meta name=\"twitter:card\" content=\"summary_large_image\" \/>\n<meta name=\"twitter:label1\" content=\"Gesch\u00e4tzte Lesezeit\" \/>\n\t<meta name=\"twitter:data1\" content=\"2\u00a0Minuten\" \/>\n<script type=\"application\/ld+json\" class=\"yoast-schema-graph\">{\"@context\":\"https:\/\/schema.org\",\"@graph\":[{\"@type\":\"WebPage\",\"@id\":\"https:\/\/www.auto-anhofer.de\/index.php\/impressum\/\",\"url\":\"https:\/\/www.auto-anhofer.de\/index.php\/impressum\/\",\"name\":\"Impressum - Auto Anhofer - Ihr Partner f\u00fcr KFZ-Dienstleistungen und Fahrzeuge in Burgau\",\"isPartOf\":{\"@id\":\"https:\/\/www.auto-anhofer.de\/#website\"},\"datePublished\":\"2021-01-13T06:30:32+00:00\",\"dateModified\":\"2021-01-21T10:53:21+00:00\",\"description\":\"Auto Anhofer - Peter-Henlein-Stra\u00dfe 2 - 89331 Burgau\",\"breadcrumb\":{\"@id\":\"https:\/\/www.auto-anhofer.de\/index.php\/impressum\/#breadcrumb\"},\"inLanguage\":\"de\",\"potentialAction\":[{\"@type\":\"ReadAction\",\"target\":[\"https:\/\/www.auto-anhofer.de\/index.php\/impressum\/\"]}]},{\"@type\":\"BreadcrumbList\",\"@id\":\"https:\/\/www.auto-anhofer.de\/index.php\/impressum\/#breadcrumb\",\"itemListElement\":[{\"@type\":\"ListItem\",\"position\":1,\"name\":\"Startseite\",\"item\":\"https:\/\/www.auto-anhofer.de\/\"},{\"@type\":\"ListItem\",\"position\":2,\"name\":\"Impressum\"}]},{\"@type\":\"WebSite\",\"@id\":\"https:\/\/www.auto-anhofer.de\/#website\",\"url\":\"https:\/\/www.auto-anhofer.de\/\",\"name\":\"Auto Anhofer - Ihr Partner f\u00fcr KFZ-Dienstleistungen und Fahrzeuge in Burgau\",\"description\":\"\",\"publisher\":{\"@id\":\"https:\/\/www.auto-anhofer.de\/#organization\"},\"potentialAction\":[{\"@type\":\"SearchAction\",\"target\":{\"@type\":\"EntryPoint\",\"urlTemplate\":\"https:\/\/www.auto-anhofer.de\/?s={search_term_string}\"},\"query-input\":\"required name=search_term_string\"}],\"inLanguage\":\"de\"},{\"@type\":\"Organization\",\"@id\":\"https:\/\/www.auto-anhofer.de\/#organization\",\"name\":\"Auto Anhofer - Ihr Partner f\u00fcr KFZ-Dienstleistungen und Fahrzeuge in Burgau\",\"url\":\"https:\/\/www.auto-anhofer.de\/\",\"sameAs\":[],\"logo\":{\"@type\":\"ImageObject\",\"inLanguage\":\"de\",\"@id\":\"https:\/\/www.auto-anhofer.de\/#\/schema\/logo\/image\/\",\"url\":\"https:\/\/www.auto-anhofer.de\/wp-content\/uploads\/2021\/01\/Logo_Anhofer_2.0.svg\",\"contentUrl\":\"https:\/\/www.auto-anhofer.de\/wp-content\/uploads\/2021\/01\/Logo_Anhofer_2.0.svg\",\"width\":100,\"height\":100,\"caption\":\"Auto Anhofer - Ihr Partner f\u00fcr KFZ-Dienstleistungen und Fahrzeuge in Burgau\"},\"image\":{\"@id\":\"https:\/\/www.auto-anhofer.de\/#\/schema\/logo\/image\/\"}}]}<\/script>\n<!-- \/ Yoast SEO plugin. -->","yoast_head_json":{"title":"Impressum - Auto Anhofer - Ihr Partner f\u00fcr KFZ-Dienstleistungen und Fahrzeuge in Burgau","description":"Auto Anhofer - Peter-Henlein-Stra\u00dfe 2 - 89331 Burgau","robots":{"index":"noindex","follow":"nofollow"},"og_locale":"de_DE","og_type":"article","og_title":"Impressum - Auto Anhofer - Ihr Partner f\u00fcr KFZ-Dienstleistungen und Fahrzeuge in Burgau","og_description":"Auto Anhofer - Peter-Henlein-Stra\u00dfe 2 - 89331 Burgau","og_url":"https:\/\/www.auto-anhofer.de\/index.php\/impressum\/","og_site_name":"Auto Anhofer - Ihr Partner f\u00fcr KFZ-Dienstleistungen und Fahrzeuge in Burgau","article_modified_time":"2021-01-21T10:53:21+00:00","twitter_card":"summary_large_image","twitter_misc":{"Gesch\u00e4tzte Lesezeit":"2\u00a0Minuten"},"schema":{"@context":"https:\/\/schema.org","@graph":[{"@type":"WebPage","@id":"https:\/\/www.auto-anhofer.de\/index.php\/impressum\/","url":"https:\/\/www.auto-anhofer.de\/index.php\/impressum\/","name":"Impressum - Auto Anhofer - Ihr Partner f\u00fcr KFZ-Dienstleistungen und Fahrzeuge in Burgau","isPartOf":{"@id":"https:\/\/www.auto-anhofer.de\/#website"},"datePublished":"2021-01-13T06:30:32+00:00","dateModified":"2021-01-21T10:53:21+00:00","description":"Auto Anhofer - Peter-Henlein-Stra\u00dfe 2 - 89331 Burgau","breadcrumb":{"@id":"https:\/\/www.auto-anhofer.de\/index.php\/impressum\/#breadcrumb"},"inLanguage":"de","potentialAction":[{"@type":"ReadAction","target":["https:\/\/www.auto-anhofer.de\/index.php\/impressum\/"]}]},{"@type":"BreadcrumbList","@id":"https:\/\/www.auto-anhofer.de\/index.php\/impressum\/#breadcrumb","itemListElement":[{"@type":"ListItem","position":1,"name":"Startseite","item":"https:\/\/www.auto-anhofer.de\/"},{"@type":"ListItem","position":2,"name":"Impressum"}]},{"@type":"WebSite","@id":"https:\/\/www.auto-anhofer.de\/#website","url":"https:\/\/www.auto-anhofer.de\/","name":"Auto Anhofer - Ihr Partner f\u00fcr KFZ-Dienstleistungen und Fahrzeuge in Burgau","description":"","publisher":{"@id":"https:\/\/www.auto-anhofer.de\/#organization"},"potentialAction":[{"@type":"SearchAction","target":{"@type":"EntryPoint","urlTemplate":"https:\/\/www.auto-anhofer.de\/?s={search_term_string}"},"query-input":"required name=search_term_string"}],"inLanguage":"de"},{"@type":"Organization","@id":"https:\/\/www.auto-anhofer.de\/#organization","name":"Auto Anhofer - Ihr Partner f\u00fcr KFZ-Dienstleistungen und Fahrzeuge in Burgau","url":"https:\/\/www.auto-anhofer.de\/","sameAs":[],"logo":{"@type":"ImageObject","inLanguage":"de","@id":"https:\/\/www.auto-anhofer.de\/#\/schema\/logo\/image\/","url":"https:\/\/www.auto-anhofer.de\/wp-content\/uploads\/2021\/01\/Logo_Anhofer_2.0.svg","contentUrl":"https:\/\/www.auto-anhofer.de\/wp-content\/uploads\/2021\/01\/Logo_Anhofer_2.0.svg","width":100,"height":100,"caption":"Auto Anhofer - Ihr Partner f\u00fcr KFZ-Dienstleistungen und Fahrzeuge in Burgau"},"image":{"@id":"https:\/\/www.auto-anhofer.de\/#\/schema\/logo\/image\/"}}]}},"_links":{"self":[{"href":"https:\/\/www.auto-anhofer.de\/index.php\/wp-json\/wp\/v2\/pages\/1760","targetHints":{"allow":["GET"]}}],"collection":[{"href":"https:\/\/www.auto-anhofer.de\/index.php\/wp-json\/wp\/v2\/pages"}],"about":[{"href":"https:\/\/www.auto-anhofer.de\/index.php\/wp-json\/wp\/v2\/types\/page"}],"author":[{"embeddable":true,"href":"https:\/\/www.auto-anhofer.de\/index.php\/wp-json\/wp\/v2\/users\/2"}],"replies":[{"embeddable":true,"href":"https:\/\/www.auto-anhofer.de\/index.php\/wp-json\/wp\/v2\/comments?post=1760"}],"version-history":[{"count":38,"href":"https:\/\/www.auto-anhofer.de\/index.php\/wp-json\/wp\/v2\/pages\/1760\/revisions"}],"predecessor-version":[{"id":2145,"href":"https:\/\/www.auto-anhofer.de\/index.php\/wp-json\/wp\/v2\/pages\/1760\/revisions\/2145"}],"wp:attachment":[{"href":"https:\/\/www.auto-anhofer.de\/index.php\/wp-json\/wp\/v2\/media?parent=1760"}],"curies":[{"name":"wp","href":"https:\/\/api.w.org\/{rel}","templated":true}]}}